
9
Let f(c) = -5*c + 13*c + 0*c - 2*c - 2 - c**2. Suppose 5*o + 10 = -5*a, 2*o = -4*a - 13 + 3. Let y be a*(-3)/((-9)/(-4)). Determine f(y).
6
Let p(m) = 8*m**3 + m**2 + m + 1. Suppose 0 = 9*n - 106 + 115. Give p(n).
-7
Let j(p) be the second derivative of -p**5/60 - p**4/3 - p**3/3 - 3*p**2/2 + 11*p. Let t(a) be the first derivative of j(a). Give t(-9).
-11
Let q(y) = 12*y - 3. Let j(r) = 17*r - 4. Let d(l) = 5*j(l) - 7*q(l). Suppose 2*b = 3*n - 22, 2*n = -4*b + 2 - 14. Determine d(n).
5
Let b = 0 - 1. Let v be (2/6)/(b/(-6)). Let l(o) = -v*o + 0*o - o**2 - o + 2 - 2*o. Give l(-5).
2
Let q(z) = z**2 + 5*z + 9. Let i be q(-6). Suppose -x - 5*k - 9 = 0, -k - i = -3*x - 2*k. Let p(r) = -r**2 + 6*r - 1. Determine p(x).
-1
Suppose 24*q = 35*q - 25*q + 14. Let w(j) = 6*j + 1. Let t(o) = -o. Let f(a) = 4*t(a) + w(a). Calculate f(q).
3
Let u(s) be the third derivative of s**5/60 + s**4/3 - 17*s**3/6 - 378*s**2. Give u(-9).
-8
Let f(g) = g**2 + 5*g + 6. Let l be f(-2). Let r(p) = p + l*p + p. Determine r(-4).
-8
Let v(l) = -9*l - 4. Suppose 2 = 2*g - 6*b + 4*b, -b = 3*g + 1. Give v(g).
-4
Let o be (-3 - -2)*(-4 + 2). Let y be o*4/8 - -1. Let c be -5 - (y + (-4)/2). Let u(f) = -f**3 - 3*f**2 + 6*f - 7. Calculate u(c).
13
Let x(f) = -10 - 2 - f + 0*f**2 - f**2. Let m = 47 + -86. Let p = m - -39. Determine x(p).
-12
Suppose -5*u + 8*u = 114. Let i = u + -44. Let s(n) = -n - 1. Let k(c) = 6*c + 11. Let o(z) = -k(z) - 4*s(z). Give o(i).
5
Let n = 873 - 890. Let m(q) = q + 18. Give m(n).
1
Let t(c) = -c**2 + 5*c + 1. Suppose 4*a - 18 = -2. Let z be a/(-6) - (-1012)/33. Suppose 5 = -5*h - b + z, 0 = -h - b + 9. Calculate t(h).
5
Let f(j) be the first derivative of -j**4/2 - j**3/3 + 2*j**2 + 3*j + 2. Suppose 0 = -46*u + 45*u - 2. Give f(u).
7
Let z(a) = -198 + 5*a**2 + 17*a**2 + 197. Determine z(-1).
21
Let r(m) = m**2 + 19. Let u = -174 + 174. Determine r(u).
19
Let m(i) = -i**3 - i - 7. Let n be (0/(-1)*1)/((-10)/(-10)). Calculate m(n).
-7
Let c(y) = y**2 + 5*y. Let r = -172 - -128. Let u be 110/r*((0 - -1) + 1). Calculate c(u).
0
Let y(r) = 0*r**2 + r**3 - r**2 + 5*r - 4*r**2. Let d = 12 + -13. Let l be 9/2 - d/(-2). What is y(l)?
4
Let a(k) = 7*k - 4*k - 5 + 3*k - 7 - 2. What is a(3)?
4
Let x(w) = -4*w**3 + 9*w**2 + 4*w + 3. Let o(i) = -i**3 + i**2 + i. Let h(m) = -5*o(m) + x(m). Let r be (-19)/4 + 3/4. Determine h(r).
7
Suppose 2 = 7*g - 4*g + 4*x, -5 = -2*g + x. Let u(h) = 6*h**g - 2*h**2 + 8*h - 2*h**2 - h**2. Give u(-9).
9
Let c(b) be the third derivative of -b**4/12 + b**3 - 22*b**2. What is c(6)?
-6
Suppose w + 24 = 7*w. Let b(a) = -w*a - 2 - 3 + 0*a**2 - a**2 + 2*a**2. What is b(4)?
-5
Let n(m) = 10*m**2 - 19*m + 1. Let g be n(2). Let h(u) be the second derivative of -5/2*u**2 - 7*u - 4/3*u**g + 1/20*u**5 + 0 + 5/12*u**4. What is h(-6)?
7
Let w(u) = 4*u + 11. Let n(i) = -5*i - 11. Let r(t) = -3*n(t) - 4*w(t). Let b(s) = 6*s + 56. Let y(j) = 2*b(j) + 11*r(j). What is y(8)?
-1
Suppose -4*f - 10 = -8*z + 10*z, 0 = -f - 4*z + 15. Let l(x) = -x**3 - 5*x**2 - 6*x + 5. Give l(f).
35
Let q(n) = -3619*n**2 - 3 + 1812*n**2 + n + 1808*n**2. What is q(0)?
-3
Suppose 2*q - 3*j = -35, -14*j = -5*q - 11*j - 65. Let a(k) = k**2 + 8*k - 18. Give a(q).
2
Let h(j) = j**2 - 2*j + 3. Let t(g) = 8*g**2 - 48*g + 3. Let s be t(6). What is h(s)?
6
Suppose -4*h - 8 = -2*p + 4, 3*h - 4*p + 4 = 0. Let r(u) = -4*u + 7. Give r(h).
23
Let z(y) be the first derivative of y**3/3 - 27*y**2/2 + 11*y - 305. Give z(27).
11
Let r(p) = 14*p - 20*p - 3 - 16 + 0*p + 5*p. Determine r(-10).
-9
Let k(r) = -5*r + 3*r + 3*r + 9 - 19. Give k(15).
5
Let g(w) = w**3 - 13*w**2 - 14*w + 3. Let s(t) = -4*t**2 + 68*t + 14. Let r be s(17). Calculate g(r).
3
Suppose 3*z + 4 = 4*z. Suppose 2*s = -2*v + 22, z*v + 7*s - 34 = 5*s. Let d(f) = -v*f - 5*f**2 + f + 1 + f**3 - 4. Calculate d(6).
3
Let z(f) = -f**3 - 7*f**2 - 6*f + 5. Let r = 11 + -9. Suppose r*n + 30 = -3*n. What is z(n)?
5
Let p(u) = u**3 - 6*u**2 - u + 2. Let w = -4 + -19. Let z = w - -29. Calculate p(z).
-4
Let c(s) = s**2 + 3*s + 3. Let b be c(-2). Let r(w) = -19*w**3 + 3*w**2 - 2*w. Let t(v) = -21*v**3 + 4*v**2 - 3*v. Let k(d) = 3*r(d) - 2*t(d). Determine k(b).
-14
Let a(r) = 2*r - 8*r - 3359 + 3357. Calculate a(4).
-26
Let y(b) = -10*b + 7. Let l = -385 - -389. Determine y(l).
-33
Let w(c) = 2*c**3 + 35*c**2 - 22*c - 76. Let n be w(-18). Let v(y) = y**3 + y**2 - 2*y + 1. What is v(n)?
-39
Let r = -1 - -2. Let b(k) be the third derivative of -7/24*k**4 + 4*k**2 - 1/6*k**3 + 0 + 0*k. What is b(r)?
-8
Let q(j) be the first derivative of j**4/4 + 17*j**3/3 + 17*j**2/2 + 14*j + 76. What is q(-16)?
-2
Let y be 30/8 + -13 + 539/44. Let t(o) = -3*o - 7. What is t(y)?
-16
Let h = -11 + 23. Suppose 8*q - 4*q - h = 0. Let z(g) = g**3 - 2*g**2 - 4*g + 2. Determine z(q).
-1
Let w(a) be the second derivative of -a**6/360 + 5*a**4/24 - a**3/2 - 21*a. Let c(n) be the second derivative of w(n). Calculate c(0).
5
Suppose 0 = -0*s + 5*s + 20. Let w(n) be the third derivative of n**4/24 - n**3/6 - n**2 - 2575. Calculate w(s).
-5
Let i(h) = -h**3 - 5*h**2 + 3*h + 1. Let f be (9/(63/2))/(2/(-28)). Give i(f).
-27
Let f(j) = -3*j + 17. Let w be f(8). Let p = w - -13. Let q(t) = -t**3 + 7*t**2 - 5*t - 3. Determine q(p).
3
Let f(g) = -g**2 - 3*g + 8*g + 3281 - 3276. Give f(4).
9
Let t(i) = -i + 5. Suppose 3*f - 3*k = 87, 4*f = -4*k + 3*k + 136. Let r = f - 20. Let v = r + -7. What is t(v)?
-1
Let r(x) be the first derivative of -x**3/6 - 5*x**2 - 36*x + 4. Let g(q) be the first derivative of r(q). Calculate g(-9).
-1
Suppose 2*q + 2*q = 4, 4*c = -5*q + 401. Let n = 97 - c. Let w(j) = -5*j**2 - 2*j + 1. Determine w(n).
-15
Let b(w) = -w**3 - 9*w**2 - 7*w - 9. Let p be (3 - (-8)/2)/(-1). Give b(p).
-58
Let k(q) = -4*q - 1. Suppose -5*i + 28 = -b, -2*b + 3*i - 108 = b. Let t = b + 36. What is k(t)?
7
Let z(n) = n**3 - 3*n**2 - 13*n + 39. Let x be z(3). Let p(t) be the third derivative of 0*t - 7*t**2 + 1/60*t**5 + x + 3/2*t**3 + 1/24*t**4. Calculate p(0).
9
Let k(d) = -25*d - 4. Let w(a) = 17*a + 3. Let r(q) = 3*q + 4. Let b be r(-3). Let p(v) = b*k(v) - 7*w(v). Determine p(1).
5
Let b(a) = -16*a**2 + 8*a - 158. Let u(c) = 5*c**2 - 3*c + 50. Let l(t) = -6*b(t) - 19*u(t). What is l(-6)?
-20
Let h(x) = x**3 - 4 - 19195*x**2 + 4 + 19195*x**2 + x. Calculate h(-1).
-2
Let i(n) = n**3 - 17*n**2 + 26*n + 57. Let k be i(15). Let r(u) = 5*u + 7. What is r(k)?
-8
Let j(k) = -2*k**3 - k**2 + k**2 + k + 9866 - 9867. Determine j(1).
-2
Let m(s) = 13*s**2 + 38*s + 20. Let c(f) = 7*f**2 + 20*f + 11. Let y(j) = 11*c(j) - 6*m(j). What is y(-7)?
8
Let s(m) = 3*m - 23. Suppose 8*z - 7*z + 8 = 0. Let y(d) = 5*d - 34. Let o(r) = z*s(r) + 5*y(r). Determine o(-8).
6
Let w be (0 - -6)/(-3) - -4. Let y be -3*w/(-12)*6. Let n = y - 5. Let v(t) = -2*t**3 - 3*t**2 - 2*t - 2. Calculate v(n).
6
Suppose -3*s = 4*s - 35. Let p(o) = o**3 - 5*o**2 - 2*o + 7. Let t be p(s). Let x(i) = -2*i**2 - 2*i. Determine x(t).
-12
Let b(f) be the third derivative of -f**6/120 + f**5/15 - f**4/12 - f**3/2 + 10*f**2 - 2*f. Determine b(3).
0
Let d(o) = -9*o + 7 - 9 + 2*o. Let i be (-3 - (-1 - 6)) + -2. Suppose -5*z - i = -4*z. What is d(z)?
12
Let l(j) = j - 14*j**3 + 7*j**3 + 1 + 4*j**3. What is l(-1)?
3
Let t(n) = -3*n**3 - 12*n**2 - 12*n + 13. Let o(x) = -2*x**3 - x**2 + 1. Let b(i) = -2*o(i) + t(i). Give b(11).
0
Let w(z) = -z + 19. Suppose 348*s + 26 = 350*s. Give w(s).
6
Let z(f) = -f + 3. Let m(t) = -6*t + 8. Let k(a) = -m(a) + 2*z(a). Give k(-3).
-14
Let g be 1 - 3 - 3*(-4)/3. Let f(o) = 21 - g*o - 7 - 14. Determine f(-4).
8
Let n(o) = 1 + 7*o + 0*o**2 - 15*o - 2*o**2 + 0*o**2. Let c be n(-4). Let t(g) = g**3 + g**2. What is t(c)?
2
Let z(l) = -l**2 - 8*l - 1. Let v(a) = -a**2 - 7*a. Let f(u) = -4*v(u) + 3*z(u). Determine f(-4).
-3
Suppose -2*i - 2*r + 42 = 0, -3*r + 8*r + 10 = 0. Let o = -28 + i. Let m(k) = k**2 + 3*k - 6. Determine m(o).
4
Let m(o) = o**3 - 11*o**2 + 12*o - 11. Let i = 5 + 5. What is m(i)?
9
Let o(q) be the third derivative of q**5/60 - q**4/8 + q**3/2 - 250*q**2. Let r be (-7)/3 + (-4)/6. Calculate o(r).
21
Let w be 0 + -2 - (-3 + 3). Let d(p) = 11*p + 2. Let v(s) = 23*s + 5. Let h be 6/10 - (-140)/(-25). Let c(m) = h*d(m) + 2*v(m). Calculate c(w).
18
Let n(p) = 7*p**2 - p**3 + 2*p*